{"id":43,"date":"2015-01-15T17:09:14","date_gmt":"2015-01-15T17:09:14","guid":{"rendered":"http:\/\/eduskuntavaalit-2015.org\/?page_id=43"},"modified":"2023-03-27T13:08:23","modified_gmt":"2023-03-27T11:08:23","slug":"etusivu","status":"publish","type":"page","link":"https:\/\/www.mikaflojt.fi\/blogi\/","title":{"rendered":"Etusivu"},"content":{"rendered":"<p><img decoding=\"async\" src=\"\/wp-content\/uploads\/2023\/03\/cropped-Mika-blogitausta.jpg\" alt=\"\"><\/p>\n<div>\n<div class=\"uk-margin-medium\" property=\"text\">\n<h1><strong>Mika Fl\u00f6jt esitt\u00e4ytyy<\/strong><\/h1>\n<p>Olen kuusamolainen kaupunginvaltuutettu ja kaupunginhallituksen j\u00e4sen.<\/p>\n<p>Kuusamon lammilla, joilla ja j\u00e4rvill\u00e4 olen kulkenut lapsuudesta asti. Oulangan kansallispuiston luonnonkauniin Kitkajoen kalastajana olen oppinut antamaan suuren arvon Suomen koskiensuojelulaille ja sen alkuper\u00e4isille taistelijoille \u2013 muiden muassa Kitkaj\u00e4rven suojelun ja Kuusamon koskisotien el\u00e4m\u00e4nsuojelulinjan ajattelijalle, kirjailija Reino Rinteelle.<\/p>\n<p>Vastuullista vihre\u00e4\u00e4 politiikkaa, ihmisen ja luonnon tasapainoa tavoitellen, olen toteuttanut jo vuodesta 1992. Olin tuolloin mukana perustamassa Kitkajoen kalastusseura Siilasmajan kilta ry:t\u00e4, jonka teht\u00e4v\u00e4n\u00e4 on edist\u00e4\u00e4 kest\u00e4v\u00e4\u00e4 kalastusta ja kalavedenhoitoa sek\u00e4 puolustaa vesist\u00f6n puhtautta.<\/p>\n<\/div>\n<\/div>\n<p><!--more--><br \/>\n<!-- {\"type\":\"layout\",\"children\":[{\"type\":\"section\",\"props\":{\"image_position\":\"center-center\",\"padding\":\"none\",\"style\":\"default\",\"title_breakpoint\":\"xl\",\"title_position\":\"top-left\",\"title_rotation\":\"left\",\"vertical_align\":\"middle\",\"width\":\"default\"},\"children\":[{\"type\":\"row\",\"children\":[{\"type\":\"column\",\"props\":{\"image_position\":\"center-center\",\"media_overlay_gradient\":\"\",\"position_sticky_breakpoint\":\"m\"},\"children\":[{\"type\":\"image\",\"props\":{\"image\":\"wp-content\\\/uploads\\\/2023\\\/03\\\/cropped-Mika-blogitausta.jpg\",\"image_svg_color\":\"emphasis\",\"margin\":\"default\",\"text_align\":\"center\"}}]}]}]},{\"type\":\"section\",\"props\":{\"image_position\":\"center-center\",\"style\":\"default\",\"title_breakpoint\":\"xl\",\"title_position\":\"top-left\",\"title_rotation\":\"left\",\"vertical_align\":\"middle\",\"width\":\"default\"},\"children\":[{\"type\":\"row\",\"children\":[{\"type\":\"column\",\"props\":{\"image_position\":\"center-center\",\"media_overlay_gradient\":\"\",\"position_sticky_breakpoint\":\"m\"},\"children\":[{\"type\":\"text\",\"props\":{\"column_breakpoint\":\"m\",\"content\":\"\n\n<div class=\\\"uk-margin-medium\\\" property=\\\"text\\\">\\n\n\n<h1><strong>Mika Fl\\u00f6jt esitt\\u00e4ytyy<\\\/strong><\\\/h1>\\n\n\n<p>Olen kuusamolainen kaupunginvaltuutettu ja kaupunginhallituksen j\\u00e4sen.<\\\/p>\\n\n\n<p>Kuusamon lammilla, joilla ja j\\u00e4rvill\\u00e4 olen kulkenut lapsuudesta asti. Oulangan kansallispuiston luonnonkauniin Kitkajoen kalastajana olen oppinut antamaan suuren arvon Suomen koskiensuojelulaille ja sen alkuper\\u00e4isille taistelijoille \\u2013 muiden muassa Kitkaj\\u00e4rven suojelun ja Kuusamon koskisotien el\\u00e4m\\u00e4nsuojelulinjan ajattelijalle, kirjailija Reino Rinteelle.<\\\/p>\\n\n\n<p>Vastuullista vihre\\u00e4\\u00e4 politiikkaa, ihmisen ja luonnon tasapainoa tavoitellen, olen toteuttanut jo vuodesta 1992. Olin tuolloin mukana perustamassa Kitkajoen kalastusseura Siilasmajan kilta ry:t\\u00e4, jonka teht\\u00e4v\\u00e4n\\u00e4 on edist\\u00e4\\u00e4 kest\\u00e4v\\u00e4\\u00e4 kalastusta ja kalavedenhoitoa sek\\u00e4 puolustaa vesist\\u00f6n puhtautta.<\\\/p>\\n<\\\/div>\",\"margin\":\"default\"}}]}]}]}],\"version\":\"3.0.25\"} --><\/p>\n","protected":false},"excerpt":{"rendered":"<p>Mika Fl\u00f6jt esitt\u00e4ytyy Olen kuusamolainen kaupunginvaltuutettu ja kaupunginhallituksen j\u00e4sen. Kuusamon lammilla, joilla ja j\u00e4rvill\u00e4 olen kulkenut lapsuudesta asti. Oulangan kansallispuiston luonnonkauniin Kitkajoen kalastajana olen oppinut antamaan suuren arvon Suomen koskiensuojelulaille ja sen alkuper\u00e4isille taistelijoille \u2013 muiden muassa Kitkaj\u00e4rven suojelun ja Kuusamon koskisotien el\u00e4m\u00e4nsuojelulinjan ajattelijalle, kirjailija Reino Rinteelle. Vastuullista vihre\u00e4\u00e4 politiikkaa, ihmisen ja luonnon tasapainoa tavoitellen, [&hellip;]<\/p>\n","protected":false},"author":3,"featured_media":0,"parent":0,"menu_order":0,"comment_status":"closed","ping_status":"open","template":"page-template-blank.php","meta":{"footnotes":""},"class_list":["post-43","page","type-page","status-publish","hentry"],"yoast_head":"<!-- This site is optimized with the Yoast SEO plugin v26.6 - https:\/\/yoast.com\/wordpress\/plugins\/seo\/ -->\n<title>Etusivu - Eduskuntavaaliehdokas Mika Fl\u00f6jt | Kansanedustajaehdokas Oulun vaalipiiriss\u00e4<\/title>\n<meta name=\"robots\" content=\"index, follow, max-snippet:-1, max-image-preview:large, max-video-preview:-1\" \/>\n<link rel=\"canonical\" href=\"https:\/\/www.mikaflojt.fi\/blogi\/\" \/>\n<meta property=\"og:locale\" content=\"fi_FI\" \/>\n<meta property=\"og:type\" content=\"article\" \/>\n<meta property=\"og:title\" content=\"Etusivu - Eduskuntavaaliehdokas Mika Fl\u00f6jt | Kansanedustajaehdokas Oulun vaalipiiriss\u00e4\" \/>\n<meta property=\"og:description\" content=\"Mika Fl\u00f6jt esitt\u00e4ytyy Olen kuusamolainen kaupunginvaltuutettu ja kaupunginhallituksen j\u00e4sen. Kuusamon lammilla, joilla ja j\u00e4rvill\u00e4 olen kulkenut lapsuudesta asti. Oulangan kansallispuiston luonnonkauniin Kitkajoen kalastajana olen oppinut antamaan suuren arvon Suomen koskiensuojelulaille ja sen alkuper\u00e4isille taistelijoille \u2013 muiden muassa Kitkaj\u00e4rven suojelun ja Kuusamon koskisotien el\u00e4m\u00e4nsuojelulinjan ajattelijalle, kirjailija Reino Rinteelle. Vastuullista vihre\u00e4\u00e4 politiikkaa, ihmisen ja luonnon tasapainoa tavoitellen, [&hellip;]\" \/>\n<meta property=\"og:url\" content=\"https:\/\/www.mikaflojt.fi\/blogi\/\" \/>\n<meta property=\"og:site_name\" content=\"Eduskuntavaaliehdokas Mika Fl\u00f6jt | Kansanedustajaehdokas Oulun vaalipiiriss\u00e4\" \/>\n<meta property=\"article:publisher\" content=\"https:\/\/www.facebook.com\/mika.flojt\" \/>\n<meta property=\"article:modified_time\" content=\"2023-03-27T11:08:23+00:00\" \/>\n<meta name=\"twitter:card\" content=\"summary_large_image\" \/>\n<meta name=\"twitter:site\" content=\"@MikaFlojt\" \/>\n<script type=\"application\/ld+json\" class=\"yoast-schema-graph\">{\"@context\":\"https:\/\/schema.org\",\"@graph\":[{\"@type\":\"WebPage\",\"@id\":\"https:\/\/www.mikaflojt.fi\/blogi\/\",\"url\":\"https:\/\/www.mikaflojt.fi\/blogi\/\",\"name\":\"Etusivu - Eduskuntavaaliehdokas Mika Fl\u00f6jt | Kansanedustajaehdokas Oulun vaalipiiriss\u00e4\",\"isPartOf\":{\"@id\":\"https:\/\/www.mikaflojt.fi\/blogi\/#website\"},\"datePublished\":\"2015-01-15T17:09:14+00:00\",\"dateModified\":\"2023-03-27T11:08:23+00:00\",\"breadcrumb\":{\"@id\":\"https:\/\/www.mikaflojt.fi\/blogi\/#breadcrumb\"},\"inLanguage\":\"fi\",\"potentialAction\":[{\"@type\":\"ReadAction\",\"target\":[\"https:\/\/www.mikaflojt.fi\/blogi\/\"]}]},{\"@type\":\"BreadcrumbList\",\"@id\":\"https:\/\/www.mikaflojt.fi\/blogi\/#breadcrumb\",\"itemListElement\":[{\"@type\":\"ListItem\",\"position\":1,\"name\":\"Etusivu\",\"item\":\"https:\/\/www.mikaflojt.fi\/blogi\/\"},{\"@type\":\"ListItem\",\"position\":2,\"name\":\"Etusivu\"}]},{\"@type\":\"WebSite\",\"@id\":\"https:\/\/www.mikaflojt.fi\/blogi\/#website\",\"url\":\"https:\/\/www.mikaflojt.fi\/blogi\/\",\"name\":\"Eduskuntavaaliehdokas Mika Fl\u00f6jt | Kansanedustajaehdokas Oulun vaalipiiriss\u00e4\",\"description\":\"#pohjoisenpuolesta Kansanedustajaehdokas Mika Fl\u00f6jt eduskuntaan vuoden 2015 eduskuntavaaleissa\",\"publisher\":{\"@id\":\"https:\/\/www.mikaflojt.fi\/blogi\/#organization\"},\"potentialAction\":[{\"@type\":\"SearchAction\",\"target\":{\"@type\":\"EntryPoint\",\"urlTemplate\":\"https:\/\/www.mikaflojt.fi\/blogi\/?s={search_term_string}\"},\"query-input\":{\"@type\":\"PropertyValueSpecification\",\"valueRequired\":true,\"valueName\":\"search_term_string\"}}],\"inLanguage\":\"fi\"},{\"@type\":\"Organization\",\"@id\":\"https:\/\/www.mikaflojt.fi\/blogi\/#organization\",\"name\":\"Eduskuntavaaliehdokas Mika Fl\u00f6jt | Kansanedustajaehdokas Oulun vaalipiiriss\u00e4\",\"url\":\"https:\/\/www.mikaflojt.fi\/blogi\/\",\"logo\":{\"@type\":\"ImageObject\",\"inLanguage\":\"fi\",\"@id\":\"https:\/\/www.mikaflojt.fi\/blogi\/#\/schema\/logo\/image\/\",\"url\":\"https:\/\/www.mikaflojt.fi\/blogi\/wp-content\/uploads\/2023\/03\/mikamaapallo.jpg\",\"contentUrl\":\"https:\/\/www.mikaflojt.fi\/blogi\/wp-content\/uploads\/2023\/03\/mikamaapallo.jpg\",\"width\":1420,\"height\":1344,\"caption\":\"Eduskuntavaaliehdokas Mika Fl\u00f6jt | Kansanedustajaehdokas Oulun vaalipiiriss\u00e4\"},\"image\":{\"@id\":\"https:\/\/www.mikaflojt.fi\/blogi\/#\/schema\/logo\/image\/\"},\"sameAs\":[\"https:\/\/www.facebook.com\/mika.flojt\",\"https:\/\/x.com\/MikaFlojt\",\"https:\/\/www.instagram.com\/flojtmika\/\"]}]}<\/script>\n<!-- \/ Yoast SEO plugin. -->","yoast_head_json":{"title":"Etusivu - Eduskuntavaaliehdokas Mika Fl\u00f6jt | Kansanedustajaehdokas Oulun vaalipiiriss\u00e4","robots":{"index":"index","follow":"follow","max-snippet":"max-snippet:-1","max-image-preview":"max-image-preview:large","max-video-preview":"max-video-preview:-1"},"canonical":"https:\/\/www.mikaflojt.fi\/blogi\/","og_locale":"fi_FI","og_type":"article","og_title":"Etusivu - Eduskuntavaaliehdokas Mika Fl\u00f6jt | Kansanedustajaehdokas Oulun vaalipiiriss\u00e4","og_description":"Mika Fl\u00f6jt esitt\u00e4ytyy Olen kuusamolainen kaupunginvaltuutettu ja kaupunginhallituksen j\u00e4sen. Kuusamon lammilla, joilla ja j\u00e4rvill\u00e4 olen kulkenut lapsuudesta asti. Oulangan kansallispuiston luonnonkauniin Kitkajoen kalastajana olen oppinut antamaan suuren arvon Suomen koskiensuojelulaille ja sen alkuper\u00e4isille taistelijoille \u2013 muiden muassa Kitkaj\u00e4rven suojelun ja Kuusamon koskisotien el\u00e4m\u00e4nsuojelulinjan ajattelijalle, kirjailija Reino Rinteelle. Vastuullista vihre\u00e4\u00e4 politiikkaa, ihmisen ja luonnon tasapainoa tavoitellen, [&hellip;]","og_url":"https:\/\/www.mikaflojt.fi\/blogi\/","og_site_name":"Eduskuntavaaliehdokas Mika Fl\u00f6jt | Kansanedustajaehdokas Oulun vaalipiiriss\u00e4","article_publisher":"https:\/\/www.facebook.com\/mika.flojt","article_modified_time":"2023-03-27T11:08:23+00:00","twitter_card":"summary_large_image","twitter_site":"@MikaFlojt","schema":{"@context":"https:\/\/schema.org","@graph":[{"@type":"WebPage","@id":"https:\/\/www.mikaflojt.fi\/blogi\/","url":"https:\/\/www.mikaflojt.fi\/blogi\/","name":"Etusivu - Eduskuntavaaliehdokas Mika Fl\u00f6jt | Kansanedustajaehdokas Oulun vaalipiiriss\u00e4","isPartOf":{"@id":"https:\/\/www.mikaflojt.fi\/blogi\/#website"},"datePublished":"2015-01-15T17:09:14+00:00","dateModified":"2023-03-27T11:08:23+00:00","breadcrumb":{"@id":"https:\/\/www.mikaflojt.fi\/blogi\/#breadcrumb"},"inLanguage":"fi","potentialAction":[{"@type":"ReadAction","target":["https:\/\/www.mikaflojt.fi\/blogi\/"]}]},{"@type":"BreadcrumbList","@id":"https:\/\/www.mikaflojt.fi\/blogi\/#breadcrumb","itemListElement":[{"@type":"ListItem","position":1,"name":"Etusivu","item":"https:\/\/www.mikaflojt.fi\/blogi\/"},{"@type":"ListItem","position":2,"name":"Etusivu"}]},{"@type":"WebSite","@id":"https:\/\/www.mikaflojt.fi\/blogi\/#website","url":"https:\/\/www.mikaflojt.fi\/blogi\/","name":"Eduskuntavaaliehdokas Mika Fl\u00f6jt | Kansanedustajaehdokas Oulun vaalipiiriss\u00e4","description":"#pohjoisenpuolesta Kansanedustajaehdokas Mika Fl\u00f6jt eduskuntaan vuoden 2015 eduskuntavaaleissa","publisher":{"@id":"https:\/\/www.mikaflojt.fi\/blogi\/#organization"},"potentialAction":[{"@type":"SearchAction","target":{"@type":"EntryPoint","urlTemplate":"https:\/\/www.mikaflojt.fi\/blogi\/?s={search_term_string}"},"query-input":{"@type":"PropertyValueSpecification","valueRequired":true,"valueName":"search_term_string"}}],"inLanguage":"fi"},{"@type":"Organization","@id":"https:\/\/www.mikaflojt.fi\/blogi\/#organization","name":"Eduskuntavaaliehdokas Mika Fl\u00f6jt | Kansanedustajaehdokas Oulun vaalipiiriss\u00e4","url":"https:\/\/www.mikaflojt.fi\/blogi\/","logo":{"@type":"ImageObject","inLanguage":"fi","@id":"https:\/\/www.mikaflojt.fi\/blogi\/#\/schema\/logo\/image\/","url":"https:\/\/www.mikaflojt.fi\/blogi\/wp-content\/uploads\/2023\/03\/mikamaapallo.jpg","contentUrl":"https:\/\/www.mikaflojt.fi\/blogi\/wp-content\/uploads\/2023\/03\/mikamaapallo.jpg","width":1420,"height":1344,"caption":"Eduskuntavaaliehdokas Mika Fl\u00f6jt | Kansanedustajaehdokas Oulun vaalipiiriss\u00e4"},"image":{"@id":"https:\/\/www.mikaflojt.fi\/blogi\/#\/schema\/logo\/image\/"},"sameAs":["https:\/\/www.facebook.com\/mika.flojt","https:\/\/x.com\/MikaFlojt","https:\/\/www.instagram.com\/flojtmika\/"]}]}},"_links":{"self":[{"href":"https:\/\/www.mikaflojt.fi\/blogi\/wp-json\/wp\/v2\/pages\/43","targetHints":{"allow":["GET"]}}],"collection":[{"href":"https:\/\/www.mikaflojt.fi\/blogi\/wp-json\/wp\/v2\/pages"}],"about":[{"href":"https:\/\/www.mikaflojt.fi\/blogi\/wp-json\/wp\/v2\/types\/page"}],"author":[{"embeddable":true,"href":"https:\/\/www.mikaflojt.fi\/blogi\/wp-json\/wp\/v2\/users\/3"}],"replies":[{"embeddable":true,"href":"https:\/\/www.mikaflojt.fi\/blogi\/wp-json\/wp\/v2\/comments?post=43"}],"version-history":[{"count":2,"href":"https:\/\/www.mikaflojt.fi\/blogi\/wp-json\/wp\/v2\/pages\/43\/revisions"}],"predecessor-version":[{"id":811,"href":"https:\/\/www.mikaflojt.fi\/blogi\/wp-json\/wp\/v2\/pages\/43\/revisions\/811"}],"wp:attachment":[{"href":"https:\/\/www.mikaflojt.fi\/blogi\/wp-json\/wp\/v2\/media?parent=43"}],"curies":[{"name":"wp","href":"https:\/\/api.w.org\/{rel}","templated":true}]}}